{"id":12843,"date":"2023-10-19T19:58:43","date_gmt":"2023-10-19T18:58:43","guid":{"rendered":"https:\/\/2023.scooter-palace.at\/?post_type=product&#038;p=12843"},"modified":"2026-02-24T13:19:20","modified_gmt":"2026-02-24T12:19:20","slug":"rieju-mrt-50-all-black-sm","status":"publish","type":"product","link":"https:\/\/www.scooter-palace.at\/?product=rieju-mrt-50-all-black-sm","title":{"rendered":"Rieju MRT 50 ALL BLACK SM rot"},"content":{"rendered":"\t\t<div data-elementor-type=\"wp-post\" data-elementor-id=\"12843\" class=\"elementor elementor-12843\">\n\t\t\t\t<div class=\"elementor-element elementor-element-1a5e6c54 e-flex e-con-boxed e-con e-parent\" data-id=\"1a5e6c54\" data-element_type=\"container\" data-e-type=\"container\">\n\t\t\t\t\t<div class=\"e-con-inner\">\n\t\t\t\t<div class=\"elementor-element elementor-element-4011da96 elementor-widget elementor-widget-text-editor\" data-id=\"4011da96\" data-element_type=\"widget\" data-e-type=\"widget\" data-widget_type=\"text-editor.default\">\n\t\t\t\t<div class=\"elementor-widget-container\">\n\t\t\t\t\t\t\t\t\t<p><strong>TECHNISCHE DATEN<\/strong><\/p>\r\n<ul>\r\n<li>Abmessungen (L&#8217;B&#8217;H): 2150\/800\/1165 mm<\/li>\r\n<!-- \/wp:list-item -->\r\n\r\n<!-- wp:list-item -->\r\n<li>Gewicht: ca. 99 kg<\/li>\r\n<!-- \/wp:list-item -->\r\n\r\n<!-- wp:list-item -->\r\n<li>Motor: Minarelli AM6 2-Taktmotor (wassergek\u00fchlt)<\/li>\r\n<!-- \/wp:list-item -->\r\n\r\n<!-- wp:list-item -->\r\n<li>Getriebe: 6-Gang<\/li>\r\n<!-- \/wp:list-item -->\r\n\r\n<!-- wp:list-item -->\r\n<li>Hubraum: 49,7 ccm<\/li>\r\n<!-- \/wp:list-item -->\r\n\r\n<!-- wp:list-item -->\r\n<li>Typengenehmigte Leistung: 2,1 Kw\/6250 Upm<\/li>\r\n<!-- \/wp:list-item -->\r\n\r\n<!-- wp:list-item -->\r\n<li>Maximale Leistung (nicht stra\u00dfengenehmigt): 3,7 Kw\/9000 Upm<\/li>\r\n<!-- \/wp:list-item -->\r\n\r\n<!-- wp:list-item -->\r\n<li>Vordere Gabel: Upside-down-Gabel<\/li>\r\n<!-- \/wp:list-item -->\r\n\r\n<!-- wp:list-item -->\r\n<li>Hintere Sto\u00dfd\u00e4mpfer: Monoshock Gas Sto\u00dfd\u00e4mpfer<\/li>\r\n<!-- \/wp:list-item -->\r\n\r\n<!-- wp:list-item -->\r\n<li>Bremssystem (vorne\/hinten): Wave Scheibenbremsen<\/li>\r\n<!-- \/wp:list-item -->\r\n\r\n<!-- wp:list-item -->\r\n<li>Auspuff: Aluminium<\/li>\r\n<!-- \/wp:list-item -->\r\n\r\n<!-- wp:list-item -->\r\n<li>Reifen (vorne\/hinten): 100&#215;80-17\/130&#215;70-17<\/li>\r\n<!-- \/wp:list-item -->\r\n\r\n<!-- wp:list-item -->\r\n<li>Sitzh\u00f6he: 860 mm<\/li>\r\n<!-- \/wp:list-item -->\r\n\r\n<!-- wp:list-item -->\r\n<li>Tankinhalt: 6,3 Liter<\/li>\r\n<!-- \/wp:list-item -->\r\n\r\n<!-- wp:list-item -->\r\n<li>Kick-Starter<\/li>\r\n<!-- \/wp:list-item -->\r\n\r\n<!-- wp:list-item -->\r\n<li>Handprotektoren<\/li>\r\n<\/ul>\t\t\t\t\t\t\t\t<\/div>\n\t\t\t\t<\/div>\n\t\t\t\t\t<\/div>\n\t\t\t\t<\/div>\n\t\t\t\t<\/div>\n\t\t","protected":false},"excerpt":{"rendered":"<p>TECHNISCHE DATEN Abmessungen (L&#8217;B&#8217;H): 2150\/800\/1165 mm Gewicht: ca. 99 kg Motor: Minarelli AM6 2-Taktmotor (wassergek\u00fchlt) Getriebe: 6-Gang Hubraum: 49,7 ccm Typengenehmigte Leistung: 2,1 Kw\/6250 Upm Maximale Leistung (nicht stra\u00dfengenehmigt): 3,7 Kw\/9000 Upm Vordere Gabel: Upside-down-Gabel Hintere Sto\u00dfd\u00e4mpfer: Monoshock Gas Sto\u00dfd\u00e4mpfer Bremssystem (vorne\/hinten): Wave Scheibenbremsen Auspuff: Aluminium Reifen (vorne\/hinten): 100&#215;80-17\/130&#215;70-17 Sitzh\u00f6he: 860 mm Tankinhalt: 6,3 Liter [&hellip;]<\/p>\n","protected":false},"featured_media":12844,"comment_status":"open","ping_status":"closed","template":"","meta":[],"product_brand":[],"product_cat":[73,28],"product_tag":[],"class_list":{"0":"post-12843","1":"product","2":"type-product","3":"status-publish","4":"has-post-thumbnail","6":"product_cat-rieju","7":"product_cat-uncategorized","9":"first","10":"instock","11":"taxable","12":"shipping-taxable","13":"purchasable","14":"product-type-variable"},"_links":{"self":[{"href":"https:\/\/www.scooter-palace.at\/index.php?rest_route=\/wp\/v2\/product\/12843","targetHints":{"allow":["GET"]}}],"collection":[{"href":"https:\/\/www.scooter-palace.at\/index.php?rest_route=\/wp\/v2\/product"}],"about":[{"href":"https:\/\/www.scooter-palace.at\/index.php?rest_route=\/wp\/v2\/types\/product"}],"replies":[{"embeddable":true,"href":"https:\/\/www.scooter-palace.at\/index.php?rest_route=%2Fwp%2Fv2%2Fcomments&post=12843"}],"version-history":[{"count":6,"href":"https:\/\/www.scooter-palace.at\/index.php?rest_route=\/wp\/v2\/product\/12843\/revisions"}],"predecessor-version":[{"id":13753,"href":"https:\/\/www.scooter-palace.at\/index.php?rest_route=\/wp\/v2\/product\/12843\/revisions\/13753"}],"wp:featuredmedia":[{"embeddable":true,"href":"https:\/\/www.scooter-palace.at\/index.php?rest_route=\/wp\/v2\/media\/12844"}],"wp:attachment":[{"href":"https:\/\/www.scooter-palace.at\/index.php?rest_route=%2Fwp%2Fv2%2Fmedia&parent=12843"}],"wp:term":[{"taxonomy":"product_brand","embeddable":true,"href":"https:\/\/www.scooter-palace.at\/index.php?rest_route=%2Fwp%2Fv2%2Fproduct_brand&post=12843"},{"taxonomy":"product_cat","embeddable":true,"href":"https:\/\/www.scooter-palace.at\/index.php?rest_route=%2Fwp%2Fv2%2Fproduct_cat&post=12843"},{"taxonomy":"product_tag","embeddable":true,"href":"https:\/\/www.scooter-palace.at\/index.php?rest_route=%2Fwp%2Fv2%2Fproduct_tag&post=12843"}],"curies":[{"name":"wp","href":"https:\/\/api.w.org\/{rel}","templated":true}]}}