{"id":13253,"date":"2023-11-05T19:30:10","date_gmt":"2023-11-05T18:30:10","guid":{"rendered":"https:\/\/2023.scooter-palace.at\/?post_type=product&#038;p=13253"},"modified":"2023-11-09T12:57:40","modified_gmt":"2023-11-09T11:57:40","slug":"rieju-aventura-500i-abs","status":"publish","type":"product","link":"https:\/\/www.scooter-palace.at\/?product=rieju-aventura-500i-abs","title":{"rendered":"Rieju AVENTURA 500i ABS rot"},"content":{"rendered":"\t\t<div data-elementor-type=\"wp-post\" data-elementor-id=\"13253\" class=\"elementor elementor-13253\">\n\t\t\t\t<div class=\"elementor-element elementor-element-3aeedb18 e-flex e-con-boxed e-con e-parent\" data-id=\"3aeedb18\" data-element_type=\"container\" data-e-type=\"container\">\n\t\t\t\t\t<div class=\"e-con-inner\">\n\t\t\t\t<div class=\"elementor-element elementor-element-1a792c94 elementor-widget elementor-widget-text-editor\" data-id=\"1a792c94\" data-element_type=\"widget\" data-e-type=\"widget\" data-widget_type=\"text-editor.default\">\n\t\t\t\t<div class=\"elementor-widget-container\">\n\t\t\t\t\t\t\t\t\t<strong>TECHNISCHE DATEN AVENTURA 500i ABS<\/strong>\r\n<ul>\r\n \t<li>Abmessungen (L&#8217;B&#8217;H): 2200\/1370\/860 mm<\/li>\r\n \t<li>Gewicht: ca. 190 kg<\/li>\r\n \t<li>Motor: 4-Taktmotor mit 2 Zylindern und 8-Ventilen, elektronische Einspritzung (wassergek\u00fchlt)<\/li>\r\n \t<li>Getriebe: 6-Gang<\/li>\r\n \t<li>Hubraum: 500 ccm<\/li>\r\n \t<li>Typengenehmigte Leistung: 35 Kw\/8500 Upm<\/li>\r\n \t<li>Vordere Gabel: Upside-down-Gabel R16 \u00d8 48 mm<\/li>\r\n \t<li>Hintere Sto\u00dfd\u00e4mpfer: Monoshock Gas mit PRS-System und einstellbare Sto\u00dfd\u00e4mpfer<\/li>\r\n \t<li>Bremse vorne: Doppelscheibenbremse mit Wave-Scheibe und 2 x 2 Kolben-System<\/li>\r\n \t<li>Bremse hinten: Scheibenbremse mit Wave-Scheibe und 2 Kolben-System<\/li>\r\n \t<li>Bremssystem: ABS von Bosch<\/li>\r\n \t<li>Reifen (vorne\/hinten): 90\/90-21&#8243; TRAIL\/150\/70-18&#8243; TRAIL<\/li>\r\n \t<li>Sitzh\u00f6he: 820 mm<\/li>\r\n \t<li>Tankinhalt: Tank 1: 20 Liter \/ Tank 2: 19 Liter<\/li>\r\n \t<li>Starter: Elektrostarter<\/li>\r\n \t<li>Verbrauch: 2,9 Liter\/100 km<\/li>\r\n \t<li>Emissionen: 80 g\/km<\/li>\r\n \t<li>Display: Digital<\/li>\r\n<\/ul>\t\t\t\t\t\t\t\t<\/div>\n\t\t\t\t<\/div>\n\t\t\t\t\t<\/div>\n\t\t\t\t<\/div>\n\t\t\t\t<\/div>\n\t\t","protected":false},"excerpt":{"rendered":"<p>TECHNISCHE DATEN AVENTURA 500i ABS Abmessungen (L&#8217;B&#8217;H): 2200\/1370\/860 mm Gewicht: ca. 190 kg Motor: 4-Taktmotor mit 2 Zylindern und 8-Ventilen, elektronische Einspritzung (wassergek\u00fchlt) Getriebe: 6-Gang Hubraum: 500 ccm Typengenehmigte Leistung: 35 Kw\/8500 Upm Vordere Gabel: Upside-down-Gabel R16 \u00d8 48 mm Hintere Sto\u00dfd\u00e4mpfer: Monoshock Gas mit PRS-System und einstellbare Sto\u00dfd\u00e4mpfer Bremse vorne: Doppelscheibenbremse mit Wave-Scheibe und [&hellip;]<\/p>\n","protected":false},"featured_media":13254,"comment_status":"open","ping_status":"closed","template":"","meta":[],"product_brand":[],"product_cat":[82],"product_tag":[],"class_list":{"0":"post-13253","1":"product","2":"type-product","3":"status-publish","4":"has-post-thumbnail","6":"product_cat-rieju-500ccm","8":"first","9":"outofstock","10":"taxable","11":"shipping-taxable","12":"purchasable","13":"product-type-simple"},"_links":{"self":[{"href":"https:\/\/www.scooter-palace.at\/index.php?rest_route=\/wp\/v2\/product\/13253","targetHints":{"allow":["GET"]}}],"collection":[{"href":"https:\/\/www.scooter-palace.at\/index.php?rest_route=\/wp\/v2\/product"}],"about":[{"href":"https:\/\/www.scooter-palace.at\/index.php?rest_route=\/wp\/v2\/types\/product"}],"replies":[{"embeddable":true,"href":"https:\/\/www.scooter-palace.at\/index.php?rest_route=%2Fwp%2Fv2%2Fcomments&post=13253"}],"version-history":[{"count":6,"href":"https:\/\/www.scooter-palace.at\/index.php?rest_route=\/wp\/v2\/product\/13253\/revisions"}],"predecessor-version":[{"id":13672,"href":"https:\/\/www.scooter-palace.at\/index.php?rest_route=\/wp\/v2\/product\/13253\/revisions\/13672"}],"wp:featuredmedia":[{"embeddable":true,"href":"https:\/\/www.scooter-palace.at\/index.php?rest_route=\/wp\/v2\/media\/13254"}],"wp:attachment":[{"href":"https:\/\/www.scooter-palace.at\/index.php?rest_route=%2Fwp%2Fv2%2Fmedia&parent=13253"}],"wp:term":[{"taxonomy":"product_brand","embeddable":true,"href":"https:\/\/www.scooter-palace.at\/index.php?rest_route=%2Fwp%2Fv2%2Fproduct_brand&post=13253"},{"taxonomy":"product_cat","embeddable":true,"href":"https:\/\/www.scooter-palace.at\/index.php?rest_route=%2Fwp%2Fv2%2Fproduct_cat&post=13253"},{"taxonomy":"product_tag","embeddable":true,"href":"https:\/\/www.scooter-palace.at\/index.php?rest_route=%2Fwp%2Fv2%2Fproduct_tag&post=13253"}],"curies":[{"name":"wp","href":"https:\/\/api.w.org\/{rel}","templated":true}]}}